{"id":10539,"date":"2026-01-22T13:15:44","date_gmt":"2026-01-22T12:15:44","guid":{"rendered":"https:\/\/taennlegeister.de\/crm\/mitglieder-info-board\/"},"modified":"2026-01-24T10:53:02","modified_gmt":"2026-01-24T09:53:02","slug":"mitglieder-info-board","status":"publish","type":"page","link":"https:\/\/taennlegeister.de\/crm\/mitglieder-info-board\/","title":{"rendered":"Mitglieder Info Board"},"content":{"rendered":"","protected":true},"excerpt":{"rendered":"","protected":true},"author":1,"featured_media":0,"parent":0,"menu_order":0,"comment_status":"closed","ping_status":"closed","template":"page-templates\/full-width-page.php","meta":{"footnotes":""},"class_list":["post-10539","page","type-page","status-publish","post-password-required","hentry"],"jetpack_shortlink":"https:\/\/wp.me\/P6XNT5-2JZ","jetpack-related-posts":[{"id":30,"url":"https:\/\/taennlegeister.de\/crm\/das-haes\/","url_meta":{"origin":10539,"position":0},"title":"Das H\u00e4s","author":"Michael Schill","date":"13. April 2015","format":false,"excerpt":"Farben des Waldes \/ Bl\u00e4tzle Unser H\u00e4s, soll die Farben des Waldes darstellen. Deshalb besteht es aus wappenf\u00f6rmigen Flecken (Bl\u00e4tzle), die die Farben braun, gr\u00fcn und grau haben Es sind ca. 1200 St\u00fcck Bl\u00e4tzle am H\u00e4s, die von den Mitglieder selber auszustanzen sind. Die Bl\u00e4tzle sind in einer bestimmten Reihenfolge\u2026","rel":"","context":"\u00c4hnlicher Beitrag","block_context":{"text":"\u00c4hnlicher Beitrag","link":""},"img":{"alt_text":"","src":"https:\/\/i0.wp.com\/taennlegeister.de\/crm\/wp-content\/uploads\/2025\/04\/20250422_163117167_iOS-scaled.jpg?resize=350%2C200&ssl=1","width":350,"height":200,"srcset":"https:\/\/i0.wp.com\/taennlegeister.de\/crm\/wp-content\/uploads\/2025\/04\/20250422_163117167_iOS-scaled.jpg?resize=350%2C200&ssl=1 1x, https:\/\/i0.wp.com\/taennlegeister.de\/crm\/wp-content\/uploads\/2025\/04\/20250422_163117167_iOS-scaled.jpg?resize=525%2C300&ssl=1 1.5x, https:\/\/i0.wp.com\/taennlegeister.de\/crm\/wp-content\/uploads\/2025\/04\/20250422_163117167_iOS-scaled.jpg?resize=700%2C400&ssl=1 2x, https:\/\/i0.wp.com\/taennlegeister.de\/crm\/wp-content\/uploads\/2025\/04\/20250422_163117167_iOS-scaled.jpg?resize=1050%2C600&ssl=1 3x, https:\/\/i0.wp.com\/taennlegeister.de\/crm\/wp-content\/uploads\/2025\/04\/20250422_163117167_iOS-scaled.jpg?resize=1400%2C800&ssl=1 4x"},"classes":[]},{"id":67,"url":"https:\/\/taennlegeister.de\/crm\/info\/impressum\/","url_meta":{"origin":10539,"position":1},"title":"Impressum","author":"Michael Schill","date":"13. April 2015","format":false,"excerpt":"","rel":"","context":"\u00c4hnlicher Beitrag","block_context":{"text":"\u00c4hnlicher Beitrag","link":""},"img":{"alt_text":"","src":"https:\/\/i0.wp.com\/taennlegeister.de\/crm\/wp-content\/uploads\/2015\/04\/Impressum.jpg?fit=640%2C480&ssl=1&resize=350%2C200","width":350,"height":200,"srcset":"https:\/\/i0.wp.com\/taennlegeister.de\/crm\/wp-content\/uploads\/2015\/04\/Impressum.jpg?fit=640%2C480&ssl=1&resize=350%2C200 1x, https:\/\/i0.wp.com\/taennlegeister.de\/crm\/wp-content\/uploads\/2015\/04\/Impressum.jpg?fit=640%2C480&ssl=1&resize=525%2C300 1.5x"},"classes":[]},{"id":69,"url":"https:\/\/taennlegeister.de\/crm\/info\/datenschutz\/","url_meta":{"origin":10539,"position":2},"title":"Datenschutz","author":"Michael Schill","date":"13. April 2015","format":false,"excerpt":"","rel":"","context":"\u00c4hnlicher Beitrag","block_context":{"text":"\u00c4hnlicher Beitrag","link":""},"img":{"alt_text":"","src":"","width":0,"height":0},"classes":[]},{"id":6819,"url":"https:\/\/taennlegeister.de\/crm\/info\/mitgliederantrag-der-taennlegeister\/","url_meta":{"origin":10539,"position":3},"title":"Mitgliederantrag der T\u00e4nnlegeister","author":"Michael Schill","date":"30. November 2015","format":false,"excerpt":"Noch kein Mitglied? Download","rel":"","context":"\u00c4hnlicher Beitrag","block_context":{"text":"\u00c4hnlicher Beitrag","link":""},"img":{"alt_text":"","src":"","width":0,"height":0},"classes":[]},{"id":80,"url":"https:\/\/taennlegeister.de\/crm\/info\/vorstandschaft\/","url_meta":{"origin":10539,"position":4},"title":"Vorstandschaft","author":"Michael Schill","date":"13. April 2015","format":false,"excerpt":"1.Vorstand Thomas H\u00fctter 1ter-vorstand@taennlegeister.de 2.Vorstand Michael Schill 2ter-vorstand@taennlegeister.de 1.Kassierer Axel Wolf 1ter-kassierer@taennlegeister.de 2.Kassierer Davide Quartarone 2ter-kassierer@taennlegeister.de 1.Schriftf\u00fchrer Robin Inscher 1ter-schriftfuehrer@taennlegeister.de 2.Schriftf\u00fchrer Ines Bioni 2ter-schriftfuehrer@taennlegeister.de 1.Bl\u00e4tzlemeister Nico Bioni 1ter-blaetzlemeister@taennlegeister.de 2.Bl\u00e4tzlemeister Uwe Bioni 2ter-blaetzlemeister@taennlegeister.de Festwirt Carsten Willmann festwirt@taennlegeister.de Beisitzer-Festwirt Max Schneckenburger beisitzer.festwirt@taennlegeister.de Beisitzer-\u00d6ffentlichkeitsarbeit Mandy H\u00fctter beisitzer.media@taennlegeister.de","rel":"","context":"\u00c4hnlicher Beitrag","block_context":{"text":"\u00c4hnlicher Beitrag","link":""},"img":{"alt_text":"","src":"https:\/\/i0.wp.com\/taennlegeister.de\/crm\/wp-content\/uploads\/2015\/04\/IMG_2152.jpg?fit=768%2C1200&ssl=1&resize=350%2C200","width":350,"height":200,"srcset":"https:\/\/i0.wp.com\/taennlegeister.de\/crm\/wp-content\/uploads\/2015\/04\/IMG_2152.jpg?fit=768%2C1200&ssl=1&resize=350%2C200 1x, https:\/\/i0.wp.com\/taennlegeister.de\/crm\/wp-content\/uploads\/2015\/04\/IMG_2152.jpg?fit=768%2C1200&ssl=1&resize=525%2C300 1.5x, https:\/\/i0.wp.com\/taennlegeister.de\/crm\/wp-content\/uploads\/2015\/04\/IMG_2152.jpg?fit=768%2C1200&ssl=1&resize=700%2C400 2x"},"classes":[]}],"jetpack_sharing_enabled":true,"_links":{"self":[{"href":"https:\/\/taennlegeister.de\/crm\/wp-json\/wp\/v2\/pages\/10539","targetHints":{"allow":["GET"]}}],"collection":[{"href":"https:\/\/taennlegeister.de\/crm\/wp-json\/wp\/v2\/pages"}],"about":[{"href":"https:\/\/taennlegeister.de\/crm\/wp-json\/wp\/v2\/types\/page"}],"author":[{"embeddable":true,"href":"https:\/\/taennlegeister.de\/crm\/wp-json\/wp\/v2\/users\/1"}],"replies":[{"embeddable":true,"href":"https:\/\/taennlegeister.de\/crm\/wp-json\/wp\/v2\/comments?post=10539"}],"version-history":[{"count":3,"href":"https:\/\/taennlegeister.de\/crm\/wp-json\/wp\/v2\/pages\/10539\/revisions"}],"predecessor-version":[{"id":10584,"href":"https:\/\/taennlegeister.de\/crm\/wp-json\/wp\/v2\/pages\/10539\/revisions\/10584"}],"wp:attachment":[{"href":"https:\/\/taennlegeister.de\/crm\/wp-json\/wp\/v2\/media?parent=10539"}],"curies":[{"name":"wp","href":"https:\/\/api.w.org\/{rel}","templated":true}]}}

Das Häs

Farben des Waldes / Blätzle Unser Häs, soll die Farben des Waldes darstellen. Deshalb besteht es aus wappenförmigen Flecken (Blätzle), die die Farben braun, grün und grau haben Es sind ca. 1200 Stück Blätzle am Häs, die von den Mitglieder selber auszustanzen sind. Die Blätzle sind in einer bestimmten Reihenfolge…

Ähnlicher Beitrag

Mitgliederantrag der Tännlegeister

1.Vorstand Thomas Hütter 1ter-vorstand@taennlegeister.de 2.Vorstand Michael Schill 2ter-vorstand@taennlegeister.de 1.Kassierer Axel Wolf 1ter-kassierer@taennlegeister.de 2.Kassierer Davide Quartarone 2ter-kassierer@taennlegeister.de 1.Schriftführer Robin Inscher 1ter-schriftfuehrer@taennlegeister.de 2.Schriftführer Ines Bioni 2ter-schriftfuehrer@taennlegeister.de 1.Blätzlemeister Nico Bioni 1ter-blaetzlemeister@taennlegeister.de 2.Blätzlemeister Uwe Bioni 2ter-blaetzlemeister@taennlegeister.de Festwirt Carsten Willmann festwirt@taennlegeister.de Beisitzer-Festwirt Max Schneckenburger beisitzer.festwirt@taennlegeister.de Beisitzer-Öffentlichkeitsarbeit Mandy Hütter beisitzer.media@taennlegeister.de
