{"id":121,"date":"2015-04-13T23:57:33","date_gmt":"2015-04-13T21:57:33","guid":{"rendered":"http:\/\/taennlegeister.de\/crm\/?page_id=121"},"modified":"2025-04-18T00:54:49","modified_gmt":"2025-04-17T22:54:49","slug":"das-gedicht-der-taennlegeister","status":"publish","type":"page","link":"https:\/\/taennlegeister.de\/crm\/das-gedicht-der-taennlegeister\/","title":{"rendered":"Das Gedicht der T\u00e4nnlegeister"},"content":{"rendered":"<div data-colibri-id=\"121-c1\" class=\"style-338 style-local-121-c1 position-relative\">\n  <!---->\n  <div data-colibri-component=\"section\" data-colibri-id=\"121-c2\" id=\"about-2\" class=\"h-section h-section-global-spacing d-flex align-items-lg-center align-items-md-center align-items-center style-374 style-local-121-c2 position-relative\">\n    <!---->\n    <!---->\n    <div class=\"h-section-grid-container h-section-boxed-container\">\n      <!---->\n      <div data-colibri-id=\"121-c3\" class=\"h-row-container gutters-row-lg-0 gutters-row-md-0 gutters-row-0 gutters-row-v-lg-0 gutters-row-v-md-0 gutters-row-v-0 style-375 style-local-121-c3 position-relative\">\n        <!---->\n        <div class=\"h-row justify-content-lg-center justify-content-md-center justify-content-center align-items-lg-stretch align-items-md-stretch align-items-stretch gutters-col-lg-0 gutters-col-md-0 gutters-col-0 gutters-col-v-lg-0 gutters-col-v-md-0 gutters-col-v-0\">\n          <!---->\n          <div data-aos=\"slideInUp\" class=\"h-column h-column-container d-flex h-col-lg-auto h-col-md-auto h-col-auto style-376-outer style-local-121-c4-outer\">\n            <div data-colibri-id=\"121-c4\" class=\"d-flex h-flex-basis h-column__inner h-ui-empty-state-container h-px-lg-0 h-px-md-0 h-px-0 v-inner-lg-0 v-inner-md-0 v-inner-0 style-376 style-local-121-c4 position-relative\">\n              <!---->\n              <!---->\n              <div class=\"w-100 h-y-container h-column__content h-column__v-align flex-basis-100\">\n                <!---->\n              <\/div>\n            <\/div>\n          <\/div>\n          <div class=\"h-column h-column-container d-flex h-col-lg-auto h-col-md-auto h-col-auto style-377-outer style-local-121-c5-outer\">\n            <div data-colibri-id=\"121-c5\" class=\"d-flex h-flex-basis h-column__inner h-px-lg-2 h-px-md-2 h-px-2 v-inner-lg-2 v-inner-md-2 v-inner-2 style-377 style-local-121-c5 position-relative\">\n              <!---->\n              <!---->\n              <div class=\"w-100 h-y-container h-column__content h-column__v-align flex-basis-100 align-self-lg-start align-self-md-start align-self-start\">\n                <!---->\n                <div data-colibri-id=\"121-c6\" class=\"h-global-transition-all h-heading style-378 style-local-121-c6 position-relative h-element\">\n                  <!---->\n                  <div class=\"h-heading__outer style-378 style-local-121-c6\">\n                    <!---->\n                    <!---->\n                    <h5 class=\"\">Unser Gedicht<\/h5>\n                  <\/div>\n                <\/div>\n                <div data-colibri-id=\"121-c7\" class=\"h-text h-text-component style-380 style-local-121-c7 position-relative h-element\">\n                  <!---->\n                  <!---->\n                  <div class=\"\">\n                    <p><span style=\"font-weight: 400; font-size: 16px; font-family: &quot;Open Sans&quot;; color: rgb(70, 112, 127);\">Der Vater \u00fcber die Heide schritt,&nbsp;er hat genommen sein B\u00fcblein mit,<\/span>\n                      <br><span style=\"font-weight: 400; font-size: 16px; font-family: &quot;Open Sans&quot;; color: rgb(70, 112, 127);\">\u201eSiehst, B\u00fcblein, du den Tannenbaum,&nbsp;wie er einsam steht im \u00f6den Raum?<\/span>\n                      <br><span style=\"font-weight: 400; font-size: 16px; font-family: &quot;Open Sans&quot;; color: rgb(70, 112, 127);\">Es m\u00f6gen jetzt vierzig Jahre sein,&nbsp;da ward die Tanne gepflanzt ein.<\/span>\n                      <br><span style=\"font-weight: 400; font-size: 16px; font-family: &quot;Open Sans&quot;; color: rgb(70, 112, 127);\">Es war ein landschwerer Krieg,&nbsp;bald hatte der Kaiser, bald Frankreich den Sieg.<\/span>\n                      <br><span style=\"font-weight: 400; font-size: 16px; font-family: &quot;Open Sans&quot;; color: rgb(70, 112, 127);\">Damals lag just in unserer Baar,&nbsp;ein \u00f6sterreichische Soldatenschar.<\/span>\n                      <br><span style=\"font-weight: 400; font-size: 16px; font-family: &quot;Open Sans&quot;; color: rgb(70, 112, 127);\">Drunter aber im Breisgauer Land,&nbsp;ein franz\u00f6sischer Heerhaufen stand.<\/span><\/p>\n                  <\/div>\n                <\/div>\n                <div data-colibri-id=\"121-c8\" class=\"h-text h-text-component style-382 style-local-121-c8 position-relative h-element\">\n                  <!---->\n                  <!---->\n                  <div class=\"\">\n                    <p><span>Ein \u00f6sterreichischer Soldat wurde arg traktiert,&nbsp;von seinen Obern, hat\u00b4s nicht mehr prestiert;<\/span><span><br><\/span><span>Drum lief er durch Feld und Au,&nbsp;zu den Franzosen ins Breisgau.<\/span><span><br><\/span><span>Doch von seiner Liebsten,&nbsp;die er herzlich geliebt,&nbsp;die ihn der Abschied schmerzlich betr\u00fcbt,<\/span><span><br><\/span><span>Drum hat er ihr bei Nebel und Nacht,&nbsp;zu Tuningen einen Besuch gemacht.<\/span><span><br><\/span><span>Sch\u00f6n war der Willkommen, doch \u2013 pfui der Taten !<\/span><span><br><\/span><span>Die schlechte Dirne hat ihn verraten&nbsp;um schlechten Lohn. Als Deserteur<\/span><span><br><\/span><span>ward er verurteilt nach kurzem Verh\u00f6r.&nbsp;Die B\u00fcchse knallt. Man senkt ihn hinab<\/span><span><br><\/span><span>die Tanne bedeckt sein Soldaten Grab.&nbsp;Die Dirne sich keinen Dank erwarb,<\/span><span><br><\/span><span>denn bald darauf sie am Elend starb.\u201c<\/span><\/p>\n                    <p><span>Das B\u00fcblein hat sich\u00b4s zu Herzen genommen.&nbsp;Und dar\u00fcber sind Sie ins Dorf gekommen.<\/span><\/p>\n                    <p>(Dichter Max Schneckenburger, gest. 1849)<\/p>\n                  <\/div>\n                <\/div>\n              <\/div>\n            <\/div>\n          <\/div>\n        <\/div>\n      <\/div>\n    <\/div>\n  <\/div>\n<\/div>","protected":false},"excerpt":{"rendered":"<p>Unser Gedicht Der Vater \u00fcber die Heide schritt,&nbsp;er hat genommen sein B\u00fcblein mit, \u201eSiehst, B\u00fcblein, du den Tannenbaum,&nbsp;wie er einsam steht im \u00f6den Raum? Es m\u00f6gen jetzt vierzig Jahre sein,&nbsp;da [&hellip;]<\/p>\n","protected":false},"author":1,"featured_media":177,"parent":0,"menu_order":3,"comment_status":"closed","ping_status":"closed","template":"page-templates\/full-width-page.php","meta":{"footnotes":""},"class_list":["post-121","page","type-page","status-publish","has-post-thumbnail","hentry"],"jetpack_shortlink":"https:\/\/wp.me\/P6XNT5-1X","jetpack-related-posts":[{"id":8346,"url":"https:\/\/taennlegeister.de\/crm\/colibri-wp\/","url_meta":{"origin":121,"position":0},"title":"Willkommen","author":"Michael Schill","date":"16. April 2025","format":false,"excerpt":"Mit unserem 3 fachen Narrenruf \"T\u00e4nnle-Geister\"hei\u00dfen wir dich auf unsere Homepage Herzlich WillkommenAuf der Seite findest du allerlei Wissenswertes \u00fcber uns Ob Historie, Unser H\u00e4s, das sch\u00f6ne Gedicht der T\u00e4nnlegeister oder auch aktuelles wie unserer Termine, Ausfahrten oder Veranstaltungen. \u2026. es ist alles auf unserer Website zu finden. Sollte doch\u2026","rel":"","context":"\u00c4hnlicher Beitrag","block_context":{"text":"\u00c4hnlicher Beitrag","link":""},"img":{"alt_text":"","src":"https:\/\/i0.wp.com\/taennlegeister.de\/crm\/wp-content\/uploads\/2025\/04\/cropped-IMG_8564-scaled-1.jpeg?resize=350%2C200&ssl=1","width":350,"height":200,"srcset":"https:\/\/i0.wp.com\/taennlegeister.de\/crm\/wp-content\/uploads\/2025\/04\/cropped-IMG_8564-scaled-1.jpeg?resize=350%2C200&ssl=1 1x, https:\/\/i0.wp.com\/taennlegeister.de\/crm\/wp-content\/uploads\/2025\/04\/cropped-IMG_8564-scaled-1.jpeg?resize=525%2C300&ssl=1 1.5x, https:\/\/i0.wp.com\/taennlegeister.de\/crm\/wp-content\/uploads\/2025\/04\/cropped-IMG_8564-scaled-1.jpeg?resize=700%2C400&ssl=1 2x, https:\/\/i0.wp.com\/taennlegeister.de\/crm\/wp-content\/uploads\/2025\/04\/cropped-IMG_8564-scaled-1.jpeg?resize=1050%2C600&ssl=1 3x, https:\/\/i0.wp.com\/taennlegeister.de\/crm\/wp-content\/uploads\/2025\/04\/cropped-IMG_8564-scaled-1.jpeg?resize=1400%2C800&ssl=1 4x"},"classes":[]},{"id":6819,"url":"https:\/\/taennlegeister.de\/crm\/info\/mitgliederantrag-der-taennlegeister\/","url_meta":{"origin":121,"position":1},"title":"Mitgliederantrag der T\u00e4nnlegeister","author":"Michael Schill","date":"30. November 2015","format":false,"excerpt":"Noch kein Mitglied? Download","rel":"","context":"\u00c4hnlicher Beitrag","block_context":{"text":"\u00c4hnlicher Beitrag","link":""},"img":{"alt_text":"","src":"","width":0,"height":0},"classes":[]},{"id":27,"url":"https:\/\/taennlegeister.de\/crm\/vorgeschichte\/","url_meta":{"origin":121,"position":2},"title":"Vorgeschichte","author":"Michael Schill","date":"13. April 2015","format":false,"excerpt":"Unsere Geschichte 1806 hatte Tuningen \u00f6sterreichische Soldaten zur Besatzung. Die Ereignisse dieser Zeit bilden den historischen Hintergrund zu dem Gedicht \u201eDie Soldatentanne bei Tuningen\u201c von Max Schneckenburger, dem Dichter der \u201c Wacht am Rhein\u201c ( 1819 \u2013 1849 ). Die Soldatentanne war weit \u00fcber 100 Jahre nicht nur in Tuningen,\u2026","rel":"","context":"\u00c4hnlicher Beitrag","block_context":{"text":"\u00c4hnlicher Beitrag","link":""},"img":{"alt_text":"","src":"https:\/\/i0.wp.com\/taennlegeister.de\/crm\/wp-content\/uploads\/2015\/04\/Vorgeschichte.jpg?fit=1024%2C682&ssl=1&resize=350%2C200","width":350,"height":200,"srcset":"https:\/\/i0.wp.com\/taennlegeister.de\/crm\/wp-content\/uploads\/2015\/04\/Vorgeschichte.jpg?fit=1024%2C682&ssl=1&resize=350%2C200 1x, https:\/\/i0.wp.com\/taennlegeister.de\/crm\/wp-content\/uploads\/2015\/04\/Vorgeschichte.jpg?fit=1024%2C682&ssl=1&resize=525%2C300 1.5x, https:\/\/i0.wp.com\/taennlegeister.de\/crm\/wp-content\/uploads\/2015\/04\/Vorgeschichte.jpg?fit=1024%2C682&ssl=1&resize=700%2C400 2x"},"classes":[]},{"id":7995,"url":"https:\/\/taennlegeister.de\/crm\/30-jahre-taennlegeister\/","url_meta":{"origin":121,"position":3},"title":"30 Jahre T\u00e4nnlegeister","author":"Michael Schill","date":"2. Februar 2024","format":false,"excerpt":"","rel":"","context":"\u00c4hnlicher Beitrag","block_context":{"text":"\u00c4hnlicher Beitrag","link":""},"img":{"alt_text":"","src":"","width":0,"height":0},"classes":[]},{"id":7470,"url":"https:\/\/taennlegeister.de\/crm\/","url_meta":{"origin":121,"position":4},"title":"Neuigkeiten","author":"Michael Schill","date":"3. Januar 2024","format":false,"excerpt":"Termin\u00fcbersicht Coming soon... Sieh dir diesen Beitrag auf Instagram an Ein Beitrag geteilt von Narrenzunft Tuningen T\u00e4nnlegeister e.V. (@taennlegeister)","rel":"","context":"\u00c4hnlicher Beitrag","block_context":{"text":"\u00c4hnlicher Beitrag","link":""},"img":{"alt_text":"","src":"https:\/\/i0.wp.com\/taennlegeister.de\/crm\/wp-content\/uploads\/2024\/12\/image.png?fit=1024%2C768&ssl=1&resize=350%2C200","width":350,"height":200,"srcset":"https:\/\/i0.wp.com\/taennlegeister.de\/crm\/wp-content\/uploads\/2024\/12\/image.png?fit=1024%2C768&ssl=1&resize=350%2C200 1x, https:\/\/i0.wp.com\/taennlegeister.de\/crm\/wp-content\/uploads\/2024\/12\/image.png?fit=1024%2C768&ssl=1&resize=525%2C300 1.5x, https:\/\/i0.wp.com\/taennlegeister.de\/crm\/wp-content\/uploads\/2024\/12\/image.png?fit=1024%2C768&ssl=1&resize=700%2C400 2x"},"classes":[]},{"id":30,"url":"https:\/\/taennlegeister.de\/crm\/das-haes\/","url_meta":{"origin":121,"position":5},"title":"Das H\u00e4s","author":"Michael Schill","date":"13. April 2015","format":false,"excerpt":"Farben des Waldes \/ Bl\u00e4tzle Unser H\u00e4s, soll die Farben des Waldes darstellen. Deshalb besteht es aus wappenf\u00f6rmigen Flecken (Bl\u00e4tzle), die die Farben braun, gr\u00fcn und grau haben Es sind ca. 1200 St\u00fcck Bl\u00e4tzle am H\u00e4s, die von den Mitglieder selber auszustanzen sind. Die Bl\u00e4tzle sind in einer bestimmten Reihenfolge\u2026","rel":"","context":"\u00c4hnlicher Beitrag","block_context":{"text":"\u00c4hnlicher Beitrag","link":""},"img":{"alt_text":"","src":"https:\/\/i0.wp.com\/taennlegeister.de\/crm\/wp-content\/uploads\/2025\/04\/20250422_163117167_iOS-scaled.jpg?resize=350%2C200&ssl=1","width":350,"height":200,"srcset":"https:\/\/i0.wp.com\/taennlegeister.de\/crm\/wp-content\/uploads\/2025\/04\/20250422_163117167_iOS-scaled.jpg?resize=350%2C200&ssl=1 1x, https:\/\/i0.wp.com\/taennlegeister.de\/crm\/wp-content\/uploads\/2025\/04\/20250422_163117167_iOS-scaled.jpg?resize=525%2C300&ssl=1 1.5x, https:\/\/i0.wp.com\/taennlegeister.de\/crm\/wp-content\/uploads\/2025\/04\/20250422_163117167_iOS-scaled.jpg?resize=700%2C400&ssl=1 2x, https:\/\/i0.wp.com\/taennlegeister.de\/crm\/wp-content\/uploads\/2025\/04\/20250422_163117167_iOS-scaled.jpg?resize=1050%2C600&ssl=1 3x, https:\/\/i0.wp.com\/taennlegeister.de\/crm\/wp-content\/uploads\/2025\/04\/20250422_163117167_iOS-scaled.jpg?resize=1400%2C800&ssl=1 4x"},"classes":[]}],"jetpack_sharing_enabled":true,"_links":{"self":[{"href":"https:\/\/taennlegeister.de\/crm\/wp-json\/wp\/v2\/pages\/121","targetHints":{"allow":["GET"]}}],"collection":[{"href":"https:\/\/taennlegeister.de\/crm\/wp-json\/wp\/v2\/pages"}],"about":[{"href":"https:\/\/taennlegeister.de\/crm\/wp-json\/wp\/v2\/types\/page"}],"author":[{"embeddable":true,"href":"https:\/\/taennlegeister.de\/crm\/wp-json\/wp\/v2\/users\/1"}],"replies":[{"embeddable":true,"href":"https:\/\/taennlegeister.de\/crm\/wp-json\/wp\/v2\/comments?post=121"}],"version-history":[{"count":7,"href":"https:\/\/taennlegeister.de\/crm\/wp-json\/wp\/v2\/pages\/121\/revisions"}],"predecessor-version":[{"id":9896,"href":"https:\/\/taennlegeister.de\/crm\/wp-json\/wp\/v2\/pages\/121\/revisions\/9896"}],"wp:featuredmedia":[{"embeddable":true,"href":"https:\/\/taennlegeister.de\/crm\/wp-json\/wp\/v2\/media\/177"}],"wp:attachment":[{"href":"https:\/\/taennlegeister.de\/crm\/wp-json\/wp\/v2\/media?parent=121"}],"curies":[{"name":"wp","href":"https:\/\/api.w.org\/{rel}","templated":true}]}}

Das Gedicht der Tännlegeister

<div data-colibri-id="121-c1" class="style-338 style-local-121-c1 position-relative">
  <!---->
  <div data-colibri-component="section" data-colibri-id="121-c2" id="about-2" class="h-section h-section-global-spacing d-flex align-items-lg-center align-items-md-center align-items-center style-374 style-local-121-c2 position-relative">
    <!---->
    <!---->
    <div class="h-section-grid-container h-section-boxed-container">
      <!---->
      <div data-colibri-id="121-c3" class="h-row-container gutters-row-lg-0 gutters-row-md-0 gutters-row-0 gutters-row-v-lg-0 gutters-row-v-md-0 gutters-row-v-0 style-375 style-local-121-c3 position-relative">
        <!---->
        <div class="h-row justify-content-lg-center justify-content-md-center justify-content-center align-items-lg-stretch align-items-md-stretch align-items-stretch gutters-col-lg-0 gutters-col-md-0 gutters-col-0 gutters-col-v-lg-0 gutters-col-v-md-0 gutters-col-v-0">
          <!---->
          <div data-aos="slideInUp" class="h-column h-column-container d-flex h-col-lg-auto h-col-md-auto h-col-auto style-376-outer style-local-121-c4-outer">
            <div data-colibri-id="121-c4" class="d-flex h-flex-basis h-column__inner h-ui-empty-state-container h-px-lg-0 h-px-md-0 h-px-0 v-inner-lg-0 v-inner-md-0 v-inner-0 style-376 style-local-121-c4 position-relative">
              <!---->
              <!---->
              <div class="w-100 h-y-container h-column__content h-column__v-align flex-basis-100">
                <!---->
              </div>
            </div>
          </div>
          <div class="h-column h-column-container d-flex h-col-lg-auto h-col-md-auto h-col-auto style-377-outer style-local-121-c5-outer">
            <div data-colibri-id="121-c5" class="d-flex h-flex-basis h-column__inner h-px-lg-2 h-px-md-2 h-px-2 v-inner-lg-2 v-inner-md-2 v-inner-2 style-377 style-local-121-c5 position-relative">
              <!---->
              <!---->
              <div class="w-100 h-y-container h-column__content h-column__v-align flex-basis-100 align-self-lg-start align-self-md-start align-self-start">
                <!---->
                <div data-colibri-id="121-c6" class="h-global-transition-all h-heading style-378 style-local-121-c6 position-relative h-element">
                  <!---->
                  <div class="h-heading__outer style-378 style-local-121-c6">
                    <!---->
                    <!---->
                    <h5 class="">Unser Gedicht</h5>
                  </div>
                </div>
                <div data-colibri-id="121-c7" class="h-text h-text-component style-380 style-local-121-c7 position-relative h-element">
                  <!---->
                  <!---->
                  <div class="">
                    <p><span style="font-weight: 400; font-size: 16px; font-family: &quot;Open Sans&quot;; color: rgb(70, 112, 127);">Der Vater über die Heide schritt,&nbsp;er hat genommen sein Büblein mit,</span>
                      <br><span style="font-weight: 400; font-size: 16px; font-family: &quot;Open Sans&quot;; color: rgb(70, 112, 127);">„Siehst, Büblein, du den Tannenbaum,&nbsp;wie er einsam steht im öden Raum?</span>
                      <br><span style="font-weight: 400; font-size: 16px; font-family: &quot;Open Sans&quot;; color: rgb(70, 112, 127);">Es mögen jetzt vierzig Jahre sein,&nbsp;da ward die Tanne gepflanzt ein.</span>
                      <br><span style="font-weight: 400; font-size: 16px; font-family: &quot;Open Sans&quot;; color: rgb(70, 112, 127);">Es war ein landschwerer Krieg,&nbsp;bald hatte der Kaiser, bald Frankreich den Sieg.</span>
                      <br><span style="font-weight: 400; font-size: 16px; font-family: &quot;Open Sans&quot;; color: rgb(70, 112, 127);">Damals lag just in unserer Baar,&nbsp;ein österreichische Soldatenschar.</span>
                      <br><span style="font-weight: 400; font-size: 16px; font-family: &quot;Open Sans&quot;; color: rgb(70, 112, 127);">Drunter aber im Breisgauer Land,&nbsp;ein französischer Heerhaufen stand.</span></p>
                  </div>
                </div>
                <div data-colibri-id="121-c8" class="h-text h-text-component style-382 style-local-121-c8 position-relative h-element">
                  <!---->
                  <!---->
                  <div class="">
                    <p><span>Ein österreichischer Soldat wurde arg traktiert,&nbsp;von seinen Obern, hat´s nicht mehr prestiert;</span><span><br></span><span>Drum lief er durch Feld und Au,&nbsp;zu den Franzosen ins Breisgau.</span><span><br></span><span>Doch von seiner Liebsten,&nbsp;die er herzlich geliebt,&nbsp;die ihn der Abschied schmerzlich betrübt,</span><span><br></span><span>Drum hat er ihr bei Nebel und Nacht,&nbsp;zu Tuningen einen Besuch gemacht.</span><span><br></span><span>Schön war der Willkommen, doch – pfui der Taten !</span><span><br></span><span>Die schlechte Dirne hat ihn verraten&nbsp;um schlechten Lohn. Als Deserteur</span><span><br></span><span>ward er verurteilt nach kurzem Verhör.&nbsp;Die Büchse knallt. Man senkt ihn hinab</span><span><br></span><span>die Tanne bedeckt sein Soldaten Grab.&nbsp;Die Dirne sich keinen Dank erwarb,</span><span><br></span><span>denn bald darauf sie am Elend starb.“</span></p>
                    <p><span>Das Büblein hat sich´s zu Herzen genommen.&nbsp;Und darüber sind Sie ins Dorf gekommen.</span></p>
                    <p>(Dichter Max Schneckenburger, gest. 1849)</p>
                  </div>
                </div>
              </div>
            </div>
          </div>
        </div>
      </div>
    </div>
  </div>
</div>

<p>Unser Gedicht Der Vater über die Heide schritt,&nbsp;er hat genommen sein Büblein mit, „Siehst, Büblein, du den Tannenbaum,&nbsp;wie er einsam steht im öden Raum? Es mögen jetzt vierzig Jahre sein,&nbsp;da [&hellip;]</p>

Mit unserem 3 fachen Narrenruf "Tännle-Geister"heißen wir dich auf unsere Homepage Herzlich WillkommenAuf der Seite findest du allerlei Wissenswertes über uns Ob Historie, Unser Häs, das schöne Gedicht der Tännlegeister oder auch aktuelles wie unserer Termine, Ausfahrten oder Veranstaltungen. …. es ist alles auf unserer Website zu finden. Sollte doch…

Ähnlicher Beitrag

Mitgliederantrag der Tännlegeister

Unsere Geschichte 1806 hatte Tuningen österreichische Soldaten zur Besatzung. Die Ereignisse dieser Zeit bilden den historischen Hintergrund zu dem Gedicht „Die Soldatentanne bei Tuningen“ von Max Schneckenburger, dem Dichter der “ Wacht am Rhein“ ( 1819 – 1849 ). Die Soldatentanne war weit über 100 Jahre nicht nur in Tuningen,…

30 Jahre Tännlegeister

Terminübersicht Coming soon... Sieh dir diesen Beitrag auf Instagram an Ein Beitrag geteilt von Narrenzunft Tuningen Tännlegeister e.V. (@taennlegeister)

Das Häs

Farben des Waldes / Blätzle Unser Häs, soll die Farben des Waldes darstellen. Deshalb besteht es aus wappenförmigen Flecken (Blätzle), die die Farben braun, grün und grau haben Es sind ca. 1200 Stück Blätzle am Häs, die von den Mitglieder selber auszustanzen sind. Die Blätzle sind in einer bestimmten Reihenfolge…
