{"id":27,"date":"2015-04-13T01:34:08","date_gmt":"2015-04-12T23:34:08","guid":{"rendered":"http:\/\/taennlegeister.de\/wordpress\/?page_id=27"},"modified":"2025-04-18T00:40:09","modified_gmt":"2025-04-17T22:40:09","slug":"vorgeschichte","status":"publish","type":"page","link":"https:\/\/taennlegeister.de\/crm\/vorgeschichte\/","title":{"rendered":"Vorgeschichte"},"content":{"rendered":"<div data-colibri-id=\"27-c1\" class=\"style-352 style-local-27-c1 position-relative\">\n  <!---->\n  <div data-colibri-component=\"section\" data-colibri-id=\"27-c2\" id=\"about\" class=\"h-section h-section-global-spacing d-flex align-items-lg-center align-items-md-center align-items-center style-357 style-local-27-c2 position-relative\">\n    <!---->\n    <!---->\n    <div class=\"h-section-grid-container h-section-boxed-container\">\n      <!---->\n      <div data-colibri-id=\"27-c3\" class=\"h-row-container gutters-row-lg-0 gutters-row-md-0 gutters-row-0 gutters-row-v-lg-0 gutters-row-v-md-0 gutters-row-v-0 style-358 style-local-27-c3 position-relative\">\n        <!---->\n        <div class=\"h-row justify-content-lg-center justify-content-md-center justify-content-center align-items-lg-stretch align-items-md-stretch align-items-stretch gutters-col-lg-0 gutters-col-md-0 gutters-col-0 gutters-col-v-lg-0 gutters-col-v-md-0 gutters-col-v-0\">\n          <!---->\n          <div data-aos=\"slideInUp\" class=\"h-column h-column-container d-flex h-col-lg-auto h-col-md-auto h-col-auto style-359-outer style-local-27-c4-outer\">\n            <div data-colibri-id=\"27-c4\" class=\"d-flex h-flex-basis h-column__inner h-ui-empty-state-container h-px-lg-0 h-px-md-0 h-px-0 v-inner-lg-0 v-inner-md-0 v-inner-0 style-359 style-local-27-c4 position-relative\">\n              <!---->\n              <!---->\n              <div class=\"w-100 h-y-container h-column__content h-column__v-align flex-basis-100\">\n                <!---->\n              <\/div>\n            <\/div>\n          <\/div>\n          <div class=\"h-column h-column-container d-flex h-col-lg-auto h-col-md-auto h-col-auto style-360-outer style-local-27-c5-outer\">\n            <div data-colibri-id=\"27-c5\" class=\"d-flex h-flex-basis h-column__inner h-px-lg-2 h-px-md-2 h-px-2 v-inner-lg-2 v-inner-md-2 v-inner-2 style-360 style-local-27-c5 position-relative\">\n              <!---->\n              <!---->\n              <div class=\"w-100 h-y-container h-column__content h-column__v-align flex-basis-100 align-self-lg-start align-self-md-start align-self-start\">\n                <!---->\n                <div data-colibri-id=\"27-c6\" class=\"h-global-transition-all h-heading style-361 style-local-27-c6 position-relative h-element\">\n                  <!---->\n                  <div class=\"h-heading__outer style-361 style-local-27-c6\">\n                    <!---->\n                    <!---->\n                    <h5 class=\"\">Unsere Geschichte<\/h5>\n                  <\/div>\n                <\/div>\n                <div data-colibri-id=\"27-c7\" class=\"h-text h-text-component style-363 style-local-27-c7 position-relative h-element\">\n                  <!---->\n                  <!---->\n                  <div class=\"\">\n                    <p><span style=\"font-weight: 400; font-size: 16px; font-family: &quot;Open Sans&quot;; color: rgb(70, 112, 127);\">1806 hatte Tuningen \u00f6sterreichische Soldaten zur Besatzung. Die Ereignisse dieser Zeit bilden den historischen Hintergrund zu dem Gedicht \u201eDie Soldatentanne bei Tuningen\u201c von Max Schneckenburger, dem Dichter der \u201c Wacht am Rhein\u201c ( 1819 \u2013 1849 ).<\/span>\n                      <br><span style=\"font-weight: 400; font-size: 16px; font-family: &quot;Open Sans&quot;; color: rgb(70, 112, 127);\">Die Soldatentanne war weit \u00fcber 100 Jahre nicht nur in Tuningen, sondern in der ganzen Umgebung bekannt und gilt als Wahrzeichen Tuningens. 1936 wurde die Soldatentanne durch einen Blitzschlag stark besch\u00e4digt und musste gef\u00e4llt werden. Dem folgten 2 Ersatzpflanzungen, von denen eine nicht gedieh und die andere einem \u00fcberregionalen Zentrallager zum Opfer fiel.<\/span>\n                      <br><span style=\"font-weight: 400; font-size: 16px; font-family: &quot;Open Sans&quot;; color: rgb(70, 112, 127);\">Die 4. Tanne, die innerhalb des Betriebsareals des Zentrallagers steht, wird nun hoffentlich allen Anspr\u00fcchen der Historie und des Naturschutzes entsprechen.<\/span>\n                      <br><span style=\"font-weight: 400; font-size: 16px; font-family: &quot;Open Sans&quot;; color: rgb(70, 112, 127);\">Das Gasthaus \u201eHirschen\u201c ( Hans Helmut Kaiser) in der Butschhofstra\u00dfe 12 existiert seit der Jahrhundertwende nicht mehr. Dort soll sich ein teil des Dramas um die Soldatentanne vor bald 200 Jahren abgespielt haben. Ein wertvolles altes Deckent\u00e4fer mit dem herzoglichen Wappen von 1794 schm\u00fcckt ein Zimmer dieses geschichtstr\u00e4chtigen Hauses.<\/span>\n                      <br><span style=\"font-weight: 400; font-size: 16px; font-family: &quot;Open Sans&quot;; color: rgb(70, 112, 127);\">In Tuttlingen ist im Kreisarchivart die Geschichte \u00fcber den Soldaten und seine Trag\u00f6die niedergeschrieben.<\/span><\/p>\n                  <\/div>\n                <\/div>\n              <\/div>\n            <\/div>\n          <\/div>\n        <\/div>\n      <\/div>\n    <\/div>\n  <\/div>\n<\/div>","protected":false},"excerpt":{"rendered":"<p>Unsere Geschichte 1806 hatte Tuningen \u00f6sterreichische Soldaten zur Besatzung. Die Ereignisse dieser Zeit bilden den historischen Hintergrund zu dem Gedicht \u201eDie Soldatentanne bei Tuningen\u201c von Max Schneckenburger, dem Dichter der [&hellip;]<\/p>\n","protected":false},"author":1,"featured_media":172,"parent":0,"menu_order":1,"comment_status":"closed","ping_status":"closed","template":"page-templates\/full-width-page.php","meta":{"footnotes":""},"class_list":["post-27","page","type-page","status-publish","has-post-thumbnail","hentry"],"jetpack_shortlink":"https:\/\/wp.me\/P6XNT5-r","jetpack-related-posts":[],"jetpack_sharing_enabled":true,"_links":{"self":[{"href":"https:\/\/taennlegeister.de\/crm\/wp-json\/wp\/v2\/pages\/27","targetHints":{"allow":["GET"]}}],"collection":[{"href":"https:\/\/taennlegeister.de\/crm\/wp-json\/wp\/v2\/pages"}],"about":[{"href":"https:\/\/taennlegeister.de\/crm\/wp-json\/wp\/v2\/types\/page"}],"author":[{"embeddable":true,"href":"https:\/\/taennlegeister.de\/crm\/wp-json\/wp\/v2\/users\/1"}],"replies":[{"embeddable":true,"href":"https:\/\/taennlegeister.de\/crm\/wp-json\/wp\/v2\/comments?post=27"}],"version-history":[{"count":3,"href":"https:\/\/taennlegeister.de\/crm\/wp-json\/wp\/v2\/pages\/27\/revisions"}],"predecessor-version":[{"id":9819,"href":"https:\/\/taennlegeister.de\/crm\/wp-json\/wp\/v2\/pages\/27\/revisions\/9819"}],"wp:featuredmedia":[{"embeddable":true,"href":"https:\/\/taennlegeister.de\/crm\/wp-json\/wp\/v2\/media\/172"}],"wp:attachment":[{"href":"https:\/\/taennlegeister.de\/crm\/wp-json\/wp\/v2\/media?parent=27"}],"curies":[{"name":"wp","href":"https:\/\/api.w.org\/{rel}","templated":true}]}}

<div data-colibri-id="27-c1" class="style-352 style-local-27-c1 position-relative">
  <!---->
  <div data-colibri-component="section" data-colibri-id="27-c2" id="about" class="h-section h-section-global-spacing d-flex align-items-lg-center align-items-md-center align-items-center style-357 style-local-27-c2 position-relative">
    <!---->
    <!---->
    <div class="h-section-grid-container h-section-boxed-container">
      <!---->
      <div data-colibri-id="27-c3" class="h-row-container gutters-row-lg-0 gutters-row-md-0 gutters-row-0 gutters-row-v-lg-0 gutters-row-v-md-0 gutters-row-v-0 style-358 style-local-27-c3 position-relative">
        <!---->
        <div class="h-row justify-content-lg-center justify-content-md-center justify-content-center align-items-lg-stretch align-items-md-stretch align-items-stretch gutters-col-lg-0 gutters-col-md-0 gutters-col-0 gutters-col-v-lg-0 gutters-col-v-md-0 gutters-col-v-0">
          <!---->
          <div data-aos="slideInUp" class="h-column h-column-container d-flex h-col-lg-auto h-col-md-auto h-col-auto style-359-outer style-local-27-c4-outer">
            <div data-colibri-id="27-c4" class="d-flex h-flex-basis h-column__inner h-ui-empty-state-container h-px-lg-0 h-px-md-0 h-px-0 v-inner-lg-0 v-inner-md-0 v-inner-0 style-359 style-local-27-c4 position-relative">
              <!---->
              <!---->
              <div class="w-100 h-y-container h-column__content h-column__v-align flex-basis-100">
                <!---->
              </div>
            </div>
          </div>
          <div class="h-column h-column-container d-flex h-col-lg-auto h-col-md-auto h-col-auto style-360-outer style-local-27-c5-outer">
            <div data-colibri-id="27-c5" class="d-flex h-flex-basis h-column__inner h-px-lg-2 h-px-md-2 h-px-2 v-inner-lg-2 v-inner-md-2 v-inner-2 style-360 style-local-27-c5 position-relative">
              <!---->
              <!---->
              <div class="w-100 h-y-container h-column__content h-column__v-align flex-basis-100 align-self-lg-start align-self-md-start align-self-start">
                <!---->
                <div data-colibri-id="27-c6" class="h-global-transition-all h-heading style-361 style-local-27-c6 position-relative h-element">
                  <!---->
                  <div class="h-heading__outer style-361 style-local-27-c6">
                    <!---->
                    <!---->
                    <h5 class="">Unsere Geschichte</h5>
                  </div>
                </div>
                <div data-colibri-id="27-c7" class="h-text h-text-component style-363 style-local-27-c7 position-relative h-element">
                  <!---->
                  <!---->
                  <div class="">
                    <p><span style="font-weight: 400; font-size: 16px; font-family: &quot;Open Sans&quot;; color: rgb(70, 112, 127);">1806 hatte Tuningen österreichische Soldaten zur Besatzung. Die Ereignisse dieser Zeit bilden den historischen Hintergrund zu dem Gedicht „Die Soldatentanne bei Tuningen“ von Max Schneckenburger, dem Dichter der “ Wacht am Rhein“ ( 1819 – 1849 ).</span>
                      <br><span style="font-weight: 400; font-size: 16px; font-family: &quot;Open Sans&quot;; color: rgb(70, 112, 127);">Die Soldatentanne war weit über 100 Jahre nicht nur in Tuningen, sondern in der ganzen Umgebung bekannt und gilt als Wahrzeichen Tuningens. 1936 wurde die Soldatentanne durch einen Blitzschlag stark beschädigt und musste gefällt werden. Dem folgten 2 Ersatzpflanzungen, von denen eine nicht gedieh und die andere einem überregionalen Zentrallager zum Opfer fiel.</span>
                      <br><span style="font-weight: 400; font-size: 16px; font-family: &quot;Open Sans&quot;; color: rgb(70, 112, 127);">Die 4. Tanne, die innerhalb des Betriebsareals des Zentrallagers steht, wird nun hoffentlich allen Ansprüchen der Historie und des Naturschutzes entsprechen.</span>
                      <br><span style="font-weight: 400; font-size: 16px; font-family: &quot;Open Sans&quot;; color: rgb(70, 112, 127);">Das Gasthaus „Hirschen“ ( Hans Helmut Kaiser) in der Butschhofstraße 12 existiert seit der Jahrhundertwende nicht mehr. Dort soll sich ein teil des Dramas um die Soldatentanne vor bald 200 Jahren abgespielt haben. Ein wertvolles altes Deckentäfer mit dem herzoglichen Wappen von 1794 schmückt ein Zimmer dieses geschichtsträchtigen Hauses.</span>
                      <br><span style="font-weight: 400; font-size: 16px; font-family: &quot;Open Sans&quot;; color: rgb(70, 112, 127);">In Tuttlingen ist im Kreisarchivart die Geschichte über den Soldaten und seine Tragödie niedergeschrieben.</span></p>
                  </div>
                </div>
              </div>
            </div>
          </div>
        </div>
      </div>
    </div>
  </div>
</div>

<p>Unsere Geschichte 1806 hatte Tuningen österreichische Soldaten zur Besatzung. Die Ereignisse dieser Zeit bilden den historischen Hintergrund zu dem Gedicht „Die Soldatentanne bei Tuningen“ von Max Schneckenburger, dem Dichter der [&hellip;]</p>
