{"id":7995,"date":"2024-02-02T15:00:40","date_gmt":"2024-02-02T14:00:40","guid":{"rendered":"https:\/\/taennlegeister.de\/crm\/?page_id=7995"},"modified":"2025-04-18T00:10:44","modified_gmt":"2025-04-17T22:10:44","slug":"30-jahre-taennlegeister","status":"publish","type":"page","link":"https:\/\/taennlegeister.de\/crm\/30-jahre-taennlegeister\/","title":{"rendered":"30 Jahre T\u00e4nnlegeister"},"content":{"rendered":"<div data-colibri-id=\"7995-c1\" class=\"style-270 style-local-7995-c1 position-relative\">\n  <!---->\n  <div data-colibri-component=\"section\" data-colibri-id=\"7995-c2\" id=\"about\" class=\"h-section h-section-global-spacing d-flex align-items-lg-center align-items-md-center align-items-center style-423 style-local-7995-c2 position-relative\">\n    <div class=\"background-wrapper\">\n      <div class=\"background-layer background-layer-media-container-lg\">\n        <!---->\n        <div class=\"overlay-layer\">\n          <div class=\"overlay-image-layer\" style=\"background-color: rgb(255, 255, 255); opacity: 0.9;\"><\/div>\n        <\/div>\n      <\/div>\n      <div class=\"background-layer background-layer-media-container-md\">\n        <!---->\n        <div class=\"overlay-layer\">\n          <div class=\"overlay-image-layer\" style=\"background-color: rgb(255, 255, 255); opacity: 0.9;\"><\/div>\n        <\/div>\n      <\/div>\n      <div class=\"background-layer background-layer-media-container\">\n        <!---->\n        <div class=\"overlay-layer\">\n          <div class=\"overlay-image-layer\" style=\"background-color: rgb(255, 255, 255); opacity: 0.9;\"><\/div>\n        <\/div>\n      <\/div>\n    <\/div>\n    <!---->\n    <div class=\"h-section-grid-container h-section-boxed-container\">\n      <!---->\n      <div data-colibri-id=\"7995-c3\" class=\"h-row-container gutters-row-lg-0 gutters-row-md-0 gutters-row-0 gutters-row-v-lg-0 gutters-row-v-md-0 gutters-row-v-0 style-424 style-local-7995-c3 position-relative\">\n        <!---->\n        <div class=\"h-row justify-content-lg-center justify-content-md-center justify-content-center align-items-lg-stretch align-items-md-stretch align-items-stretch gutters-col-lg-0 gutters-col-md-0 gutters-col-0 gutters-col-v-lg-0 gutters-col-v-md-0 gutters-col-v-0\">\n          <!---->\n          <div data-aos=\"zoomIn\" class=\"h-column h-column-container d-flex h-col-lg-auto h-col-md-auto h-col-auto style-427-outer style-local-7995-c4-outer\">\n            <div data-colibri-id=\"7995-c4\" class=\"d-flex h-flex-basis h-column__inner h-px-lg-3 h-px-md-3 h-px-3 v-inner-lg-3 v-inner-md-3 v-inner-3 style-427 style-local-7995-c4 position-relative\">\n              <!---->\n              <!---->\n              <div class=\"w-100 h-y-container h-column__content h-column__v-align flex-basis-100 align-self-lg-center align-self-md-center align-self-center\">\n                <!---->\n                <div data-colibri-id=\"7995-c5\" class=\"style-432 style-local-7995-c5 position-relative h-element\">\n                  <!---->\n                  <div class=\"\"><a href=\"https:\/\/taennlegeister.de\/crm\/wp-content\/uploads\/2024\/02\/Taennlegeister_1.pdf\" class=\"pdfemb-viewer\" style=\"height:500px;\" data-width=\"max\" data-height=\"500\" data-toolbar=\"top\" data-toolbar-fixed=\"on\">Taennlegeister_1<\/a><\/div>\n                <\/div>\n              <\/div>\n            <\/div>\n          <\/div>\n          <div data-aos=\"zoomIn\" class=\"h-column h-column-container d-flex h-col-lg-auto h-col-md-auto h-col-auto style-427-outer style-local-7995-c6-outer\">\n            <div data-colibri-id=\"7995-c6\" class=\"d-flex h-flex-basis h-column__inner h-px-lg-3 h-px-md-3 h-px-3 v-inner-lg-3 v-inner-md-3 v-inner-3 style-427 style-local-7995-c6 position-relative\">\n              <!---->\n              <!---->\n              <div class=\"w-100 h-y-container h-column__content h-column__v-align flex-basis-100 align-self-lg-center align-self-md-center align-self-center\">\n                <!---->\n                <div data-colibri-id=\"7995-c7\" class=\"style-433 style-local-7995-c7 position-relative h-element\">\n                  <!---->\n                  <div class=\"\"><a href=\"https:\/\/taennlegeister.de\/crm\/wp-content\/uploads\/2024\/02\/Taennlegeister_2.pdf\" class=\"pdfemb-viewer\" style=\"height:500px;\" data-width=\"max\" data-height=\"500\" data-toolbar=\"top\" data-toolbar-fixed=\"on\">Taennlegeister_2<\/a><\/div>\n                <\/div>\n              <\/div>\n            <\/div>\n          <\/div>\n        <\/div>\n      <\/div>\n    <\/div>\n  <\/div>\n<\/div>","protected":false},"excerpt":{"rendered":"","protected":false},"author":1,"featured_media":0,"parent":0,"menu_order":0,"comment_status":"closed","ping_status":"closed","template":"page-templates\/full-width-page.php","meta":{"footnotes":""},"class_list":["post-7995","page","type-page","status-publish","hentry"],"jetpack_shortlink":"https:\/\/wp.me\/P6XNT5-24X","jetpack-related-posts":[{"id":121,"url":"https:\/\/taennlegeister.de\/crm\/das-gedicht-der-taennlegeister\/","url_meta":{"origin":7995,"position":0},"title":"Das Gedicht der T\u00e4nnlegeister","author":"Michael Schill","date":"13. April 2015","format":false,"excerpt":"Unser Gedicht Der Vater \u00fcber die Heide schritt,\u00a0er hat genommen sein B\u00fcblein mit, \u201eSiehst, B\u00fcblein, du den Tannenbaum,\u00a0wie er einsam steht im \u00f6den Raum? Es m\u00f6gen jetzt vierzig Jahre sein,\u00a0da ward die Tanne gepflanzt ein. Es war ein landschwerer Krieg,\u00a0bald hatte der Kaiser, bald Frankreich den Sieg. Damals lag just\u2026","rel":"","context":"\u00c4hnlicher Beitrag","block_context":{"text":"\u00c4hnlicher Beitrag","link":""},"img":{"alt_text":"","src":"https:\/\/i0.wp.com\/taennlegeister.de\/crm\/wp-content\/uploads\/2015\/04\/Gedicht.jpg?fit=1024%2C576&ssl=1&resize=350%2C200","width":350,"height":200,"srcset":"https:\/\/i0.wp.com\/taennlegeister.de\/crm\/wp-content\/uploads\/2015\/04\/Gedicht.jpg?fit=1024%2C576&ssl=1&resize=350%2C200 1x, https:\/\/i0.wp.com\/taennlegeister.de\/crm\/wp-content\/uploads\/2015\/04\/Gedicht.jpg?fit=1024%2C576&ssl=1&resize=525%2C300 1.5x, https:\/\/i0.wp.com\/taennlegeister.de\/crm\/wp-content\/uploads\/2015\/04\/Gedicht.jpg?fit=1024%2C576&ssl=1&resize=700%2C400 2x"},"classes":[]},{"id":6819,"url":"https:\/\/taennlegeister.de\/crm\/info\/mitgliederantrag-der-taennlegeister\/","url_meta":{"origin":7995,"position":1},"title":"Mitgliederantrag der T\u00e4nnlegeister","author":"Michael Schill","date":"30. November 2015","format":false,"excerpt":"Noch kein Mitglied? Download","rel":"","context":"\u00c4hnlicher Beitrag","block_context":{"text":"\u00c4hnlicher Beitrag","link":""},"img":{"alt_text":"","src":"","width":0,"height":0},"classes":[]},{"id":7470,"url":"https:\/\/taennlegeister.de\/crm\/","url_meta":{"origin":7995,"position":2},"title":"Neuigkeiten","author":"Michael Schill","date":"3. Januar 2024","format":false,"excerpt":"Termin\u00fcbersicht Coming soon... Sieh dir diesen Beitrag auf Instagram an Ein Beitrag geteilt von Narrenzunft Tuningen T\u00e4nnlegeister e.V. (@taennlegeister)","rel":"","context":"\u00c4hnlicher Beitrag","block_context":{"text":"\u00c4hnlicher Beitrag","link":""},"img":{"alt_text":"","src":"https:\/\/i0.wp.com\/taennlegeister.de\/crm\/wp-content\/uploads\/2024\/12\/image.png?fit=1024%2C768&ssl=1&resize=350%2C200","width":350,"height":200,"srcset":"https:\/\/i0.wp.com\/taennlegeister.de\/crm\/wp-content\/uploads\/2024\/12\/image.png?fit=1024%2C768&ssl=1&resize=350%2C200 1x, https:\/\/i0.wp.com\/taennlegeister.de\/crm\/wp-content\/uploads\/2024\/12\/image.png?fit=1024%2C768&ssl=1&resize=525%2C300 1.5x, https:\/\/i0.wp.com\/taennlegeister.de\/crm\/wp-content\/uploads\/2024\/12\/image.png?fit=1024%2C768&ssl=1&resize=700%2C400 2x"},"classes":[]},{"id":8346,"url":"https:\/\/taennlegeister.de\/crm\/colibri-wp\/","url_meta":{"origin":7995,"position":3},"title":"Willkommen","author":"Michael Schill","date":"16. April 2025","format":false,"excerpt":"Mit unserem 3 fachen Narrenruf \"T\u00e4nnle-Geister\"hei\u00dfen wir dich auf unsere Homepage Herzlich WillkommenAuf der Seite findest du allerlei Wissenswertes \u00fcber uns Ob Historie, Unser H\u00e4s, das sch\u00f6ne Gedicht der T\u00e4nnlegeister oder auch aktuelles wie unserer Termine, Ausfahrten oder Veranstaltungen. \u2026. es ist alles auf unserer Website zu finden. Sollte doch\u2026","rel":"","context":"\u00c4hnlicher Beitrag","block_context":{"text":"\u00c4hnlicher Beitrag","link":""},"img":{"alt_text":"","src":"https:\/\/i0.wp.com\/taennlegeister.de\/crm\/wp-content\/uploads\/2025\/04\/cropped-IMG_8564-scaled-1.jpeg?resize=350%2C200&ssl=1","width":350,"height":200,"srcset":"https:\/\/i0.wp.com\/taennlegeister.de\/crm\/wp-content\/uploads\/2025\/04\/cropped-IMG_8564-scaled-1.jpeg?resize=350%2C200&ssl=1 1x, https:\/\/i0.wp.com\/taennlegeister.de\/crm\/wp-content\/uploads\/2025\/04\/cropped-IMG_8564-scaled-1.jpeg?resize=525%2C300&ssl=1 1.5x, https:\/\/i0.wp.com\/taennlegeister.de\/crm\/wp-content\/uploads\/2025\/04\/cropped-IMG_8564-scaled-1.jpeg?resize=700%2C400&ssl=1 2x, https:\/\/i0.wp.com\/taennlegeister.de\/crm\/wp-content\/uploads\/2025\/04\/cropped-IMG_8564-scaled-1.jpeg?resize=1050%2C600&ssl=1 3x, https:\/\/i0.wp.com\/taennlegeister.de\/crm\/wp-content\/uploads\/2025\/04\/cropped-IMG_8564-scaled-1.jpeg?resize=1400%2C800&ssl=1 4x"},"classes":[]},{"id":27,"url":"https:\/\/taennlegeister.de\/crm\/vorgeschichte\/","url_meta":{"origin":7995,"position":4},"title":"Vorgeschichte","author":"Michael Schill","date":"13. April 2015","format":false,"excerpt":"Unsere Geschichte 1806 hatte Tuningen \u00f6sterreichische Soldaten zur Besatzung. Die Ereignisse dieser Zeit bilden den historischen Hintergrund zu dem Gedicht \u201eDie Soldatentanne bei Tuningen\u201c von Max Schneckenburger, dem Dichter der \u201c Wacht am Rhein\u201c ( 1819 \u2013 1849 ). Die Soldatentanne war weit \u00fcber 100 Jahre nicht nur in Tuningen,\u2026","rel":"","context":"\u00c4hnlicher Beitrag","block_context":{"text":"\u00c4hnlicher Beitrag","link":""},"img":{"alt_text":"","src":"https:\/\/i0.wp.com\/taennlegeister.de\/crm\/wp-content\/uploads\/2015\/04\/Vorgeschichte.jpg?fit=1024%2C682&ssl=1&resize=350%2C200","width":350,"height":200,"srcset":"https:\/\/i0.wp.com\/taennlegeister.de\/crm\/wp-content\/uploads\/2015\/04\/Vorgeschichte.jpg?fit=1024%2C682&ssl=1&resize=350%2C200 1x, https:\/\/i0.wp.com\/taennlegeister.de\/crm\/wp-content\/uploads\/2015\/04\/Vorgeschichte.jpg?fit=1024%2C682&ssl=1&resize=525%2C300 1.5x, https:\/\/i0.wp.com\/taennlegeister.de\/crm\/wp-content\/uploads\/2015\/04\/Vorgeschichte.jpg?fit=1024%2C682&ssl=1&resize=700%2C400 2x"},"classes":[]}],"jetpack_sharing_enabled":true,"_links":{"self":[{"href":"https:\/\/taennlegeister.de\/crm\/wp-json\/wp\/v2\/pages\/7995","targetHints":{"allow":["GET"]}}],"collection":[{"href":"https:\/\/taennlegeister.de\/crm\/wp-json\/wp\/v2\/pages"}],"about":[{"href":"https:\/\/taennlegeister.de\/crm\/wp-json\/wp\/v2\/types\/page"}],"author":[{"embeddable":true,"href":"https:\/\/taennlegeister.de\/crm\/wp-json\/wp\/v2\/users\/1"}],"replies":[{"embeddable":true,"href":"https:\/\/taennlegeister.de\/crm\/wp-json\/wp\/v2\/comments?post=7995"}],"version-history":[{"count":7,"href":"https:\/\/taennlegeister.de\/crm\/wp-json\/wp\/v2\/pages\/7995\/revisions"}],"predecessor-version":[{"id":9741,"href":"https:\/\/taennlegeister.de\/crm\/wp-json\/wp\/v2\/pages\/7995\/revisions\/9741"}],"wp:attachment":[{"href":"https:\/\/taennlegeister.de\/crm\/wp-json\/wp\/v2\/media?parent=7995"}],"curies":[{"name":"wp","href":"https:\/\/api.w.org\/{rel}","templated":true}]}}

30 Jahre Tännlegeister

Das Gedicht der Tännlegeister

Unser Gedicht Der Vater über die Heide schritt, er hat genommen sein Büblein mit, „Siehst, Büblein, du den Tannenbaum, wie er einsam steht im öden Raum? Es mögen jetzt vierzig Jahre sein, da ward die Tanne gepflanzt ein. Es war ein landschwerer Krieg, bald hatte der Kaiser, bald Frankreich den Sieg. Damals lag just…

Ähnlicher Beitrag

Mitgliederantrag der Tännlegeister

Terminübersicht Coming soon... Sieh dir diesen Beitrag auf Instagram an Ein Beitrag geteilt von Narrenzunft Tuningen Tännlegeister e.V. (@taennlegeister)

Mit unserem 3 fachen Narrenruf "Tännle-Geister"heißen wir dich auf unsere Homepage Herzlich WillkommenAuf der Seite findest du allerlei Wissenswertes über uns Ob Historie, Unser Häs, das schöne Gedicht der Tännlegeister oder auch aktuelles wie unserer Termine, Ausfahrten oder Veranstaltungen. …. es ist alles auf unserer Website zu finden. Sollte doch…

Unsere Geschichte 1806 hatte Tuningen österreichische Soldaten zur Besatzung. Die Ereignisse dieser Zeit bilden den historischen Hintergrund zu dem Gedicht „Die Soldatentanne bei Tuningen“ von Max Schneckenburger, dem Dichter der “ Wacht am Rhein“ ( 1819 – 1849 ). Die Soldatentanne war weit über 100 Jahre nicht nur in Tuningen,…
