{"id":10317,"date":"2025-11-28T12:40:33","date_gmt":"2025-11-28T11:40:33","guid":{"rendered":"https:\/\/taennlegeister.de\/crm\/?post_type=tribe_events&#038;p=10317"},"modified":"2026-01-22T14:28:46","modified_gmt":"2026-01-22T13:28:46","slug":"umzug-deisslingen","status":"publish","type":"tribe_events","link":"https:\/\/taennlegeister.de\/crm\/event\/umzug-deisslingen\/","title":{"rendered":"Umzug Deisslingen"},"content":{"rendered":"<p>Eigene An- und R\u00fcckfahrt<\/p>\n<p>Umzugsaufstellung ist um 13.30 Uhr in der <strong>Seestra\u00dfe und Kernerstra\u00dfe.<br \/>\n<\/strong>Umzugsbeginn ist um <strong>14.00 Uhr.<br \/>\nStartnummer: 21<br \/>\n<\/strong>In der Turn- und Festhalle auf der B\u00fchne findet um 12:30 Uhr ein kleiner Zunftmeisterempfang statt.<br \/>\nAufgrund der negativen Erfahrungen weist die Narrenzunft &#8222;Hagenverw\u00fcrger&#8220; darauf hin, dass das <strong>Auswerfen von Stroh, Konfetti, Federn<\/strong>, usw verboten ist.<\/p>\n<p><a href=\"https:\/\/i0.wp.com\/taennlegeister.de\/crm\/wp-content\/uploads\/2025\/11\/Gastzuenfte-Dorfplan-Deisslingen-2026.jpg?ssl=1\"><img data-recalc-dims=\"1\" loading=\"lazy\" decoding=\"async\" data-attachment-id=\"10557\" data-permalink=\"https:\/\/taennlegeister.de\/crm\/event\/umzug-deisslingen\/gastzuenfte-dorfplan-deisslingen-2026\/\" data-orig-file=\"https:\/\/i0.wp.com\/taennlegeister.de\/crm\/wp-content\/uploads\/2025\/11\/Gastzuenfte-Dorfplan-Deisslingen-2026.jpg?fit=1371%2C1482&amp;ssl=1\" data-orig-size=\"1371,1482\" data-comments-opened=\"0\" data-image-meta=\"{&quot;aperture&quot;:&quot;0&quot;,&quot;credit&quot;:&quot;&quot;,&quot;camera&quot;:&quot;&quot;,&quot;caption&quot;:&quot;&quot;,&quot;created_timestamp&quot;:&quot;0&quot;,&quot;copyright&quot;:&quot;&quot;,&quot;focal_length&quot;:&quot;0&quot;,&quot;iso&quot;:&quot;0&quot;,&quot;shutter_speed&quot;:&quot;0&quot;,&quot;title&quot;:&quot;&quot;,&quot;orientation&quot;:&quot;1&quot;}\" data-image-title=\"Gastz\u00fcnfte &amp;#8211; Dorfplan Deisslingen 2026\" data-image-description=\"\" data-image-caption=\"\" data-large-file=\"https:\/\/i0.wp.com\/taennlegeister.de\/crm\/wp-content\/uploads\/2025\/11\/Gastzuenfte-Dorfplan-Deisslingen-2026.jpg?fit=947%2C1024&amp;ssl=1\" class=\"aligncenter size-medium wp-image-10557\" src=\"https:\/\/i0.wp.com\/taennlegeister.de\/crm\/wp-content\/uploads\/2025\/11\/Gastzuenfte-Dorfplan-Deisslingen-2026.jpg?resize=278%2C300&#038;ssl=1\" alt=\"\" width=\"278\" height=\"300\" srcset=\"https:\/\/i0.wp.com\/taennlegeister.de\/crm\/wp-content\/uploads\/2025\/11\/Gastzuenfte-Dorfplan-Deisslingen-2026.jpg?resize=278%2C300&amp;ssl=1 278w, https:\/\/i0.wp.com\/taennlegeister.de\/crm\/wp-content\/uploads\/2025\/11\/Gastzuenfte-Dorfplan-Deisslingen-2026.jpg?resize=947%2C1024&amp;ssl=1 947w, https:\/\/i0.wp.com\/taennlegeister.de\/crm\/wp-content\/uploads\/2025\/11\/Gastzuenfte-Dorfplan-Deisslingen-2026.jpg?resize=768%2C830&amp;ssl=1 768w, https:\/\/i0.wp.com\/taennlegeister.de\/crm\/wp-content\/uploads\/2025\/11\/Gastzuenfte-Dorfplan-Deisslingen-2026.jpg?w=1371&amp;ssl=1 1371w\" sizes=\"auto, (max-width: 278px) 100vw, 278px\" \/><\/a><\/p>\n<p><strong><a href=\"https:\/\/taennlegeister.de\/crm\/wp-content\/uploads\/2026\/01\/Umzugsaufstellung-Deisslingen.pdf\" class=\"pdfemb-viewer\" style=\"height:500px;\" data-width=\"max\" data-height=\"500\" data-toolbar=\"top\" data-toolbar-fixed=\"on\">Umzugsaufstellung Deisslingen<\/a><\/strong><\/p>\n<p>&nbsp;<\/p>\n","protected":false},"excerpt":{"rendered":"<p>Eigene An- und R\u00fcckfahrt Umzugsaufstellung ist um 13.30 Uhr in der Seestra\u00dfe und Kernerstra\u00dfe. Umzugsbeginn ist um 14.00 Uhr. Startnummer: 21 In der Turn- und Festhalle auf der B\u00fchne findet [&hellip;]<\/p>\n","protected":false},"author":1,"featured_media":0,"template":"","meta":{"_tribe_events_status":"","_tribe_events_status_reason":"","footnotes":""},"tags":[],"tribe_events_cat":[77],"class_list":["post-10317","tribe_events","type-tribe_events","status-publish","hentry","tribe_events_cat-umzug","cat_umzug"],"jetpack_sharing_enabled":true,"_links":{"self":[{"href":"https:\/\/taennlegeister.de\/crm\/wp-json\/wp\/v2\/tribe_events\/10317","targetHints":{"allow":["GET"]}}],"collection":[{"href":"https:\/\/taennlegeister.de\/crm\/wp-json\/wp\/v2\/tribe_events"}],"about":[{"href":"https:\/\/taennlegeister.de\/crm\/wp-json\/wp\/v2\/types\/tribe_events"}],"author":[{"embeddable":true,"href":"https:\/\/taennlegeister.de\/crm\/wp-json\/wp\/v2\/users\/1"}],"version-history":[{"count":4,"href":"https:\/\/taennlegeister.de\/crm\/wp-json\/wp\/v2\/tribe_events\/10317\/revisions"}],"predecessor-version":[{"id":10561,"href":"https:\/\/taennlegeister.de\/crm\/wp-json\/wp\/v2\/tribe_events\/10317\/revisions\/10561"}],"wp:attachment":[{"href":"https:\/\/taennlegeister.de\/crm\/wp-json\/wp\/v2\/media?parent=10317"}],"wp:term":[{"taxonomy":"post_tag","embeddable":true,"href":"https:\/\/taennlegeister.de\/crm\/wp-json\/wp\/v2\/tags?post=10317"},{"taxonomy":"tribe_events_cat","embeddable":true,"href":"https:\/\/taennlegeister.de\/crm\/wp-json\/wp\/v2\/tribe_events_cat?post=10317"}],"curies":[{"name":"wp","href":"https:\/\/api.w.org\/{rel}","templated":true}]}}

<p>Eigene An- und Rückfahrt</p>
<p>Umzugsaufstellung ist um 13.30 Uhr in der <strong>Seestraße und Kernerstraße.<br />
</strong>Umzugsbeginn ist um <strong>14.00 Uhr.<br />
Startnummer: 21<br />
</strong>In der Turn- und Festhalle auf der Bühne findet um 12:30 Uhr ein kleiner Zunftmeisterempfang statt.<br />
Aufgrund der negativen Erfahrungen weist die Narrenzunft &#8222;Hagenverwürger&#8220; darauf hin, dass das <strong>Auswerfen von Stroh, Konfetti, Federn</strong>, usw verboten ist.</p>
<p><a href="https://i0.wp.com/taennlegeister.de/crm/wp-content/uploads/2025/11/Gastzuenfte-Dorfplan-Deisslingen-2026.jpg?ssl=1"><img data-recalc-dims="1" loading="lazy" decoding="async" data-attachment-id="10557" data-permalink="https://taennlegeister.de/crm/event/umzug-deisslingen/gastzuenfte-dorfplan-deisslingen-2026/" data-orig-file="https://i0.wp.com/taennlegeister.de/crm/wp-content/uploads/2025/11/Gastzuenfte-Dorfplan-Deisslingen-2026.jpg?fit=1371%2C1482&amp;ssl=1" data-orig-size="1371,1482" data-comments-opened="0" data-image-meta="{&quot;aperture&quot;:&quot;0&quot;,&quot;credit&quot;:&quot;&quot;,&quot;camera&quot;:&quot;&quot;,&quot;caption&quot;:&quot;&quot;,&quot;created_timestamp&quot;:&quot;0&quot;,&quot;copyright&quot;:&quot;&quot;,&quot;focal_length&quot;:&quot;0&quot;,&quot;iso&quot;:&quot;0&quot;,&quot;shutter_speed&quot;:&quot;0&quot;,&quot;title&quot;:&quot;&quot;,&quot;orientation&quot;:&quot;1&quot;}" data-image-title="Gastzünfte &amp;#8211; Dorfplan Deisslingen 2026" data-image-description="" data-image-caption="" data-large-file="https://i0.wp.com/taennlegeister.de/crm/wp-content/uploads/2025/11/Gastzuenfte-Dorfplan-Deisslingen-2026.jpg?fit=947%2C1024&amp;ssl=1" class="aligncenter size-medium wp-image-10557" src="https://i0.wp.com/taennlegeister.de/crm/wp-content/uploads/2025/11/Gastzuenfte-Dorfplan-Deisslingen-2026.jpg?resize=278%2C300&#038;ssl=1" alt="" width="278" height="300" srcset="https://i0.wp.com/taennlegeister.de/crm/wp-content/uploads/2025/11/Gastzuenfte-Dorfplan-Deisslingen-2026.jpg?resize=278%2C300&amp;ssl=1 278w, https://i0.wp.com/taennlegeister.de/crm/wp-content/uploads/2025/11/Gastzuenfte-Dorfplan-Deisslingen-2026.jpg?resize=947%2C1024&amp;ssl=1 947w, https://i0.wp.com/taennlegeister.de/crm/wp-content/uploads/2025/11/Gastzuenfte-Dorfplan-Deisslingen-2026.jpg?resize=768%2C830&amp;ssl=1 768w, https://i0.wp.com/taennlegeister.de/crm/wp-content/uploads/2025/11/Gastzuenfte-Dorfplan-Deisslingen-2026.jpg?w=1371&amp;ssl=1 1371w" sizes="auto, (max-width: 278px) 100vw, 278px" /></a></p>
<p><strong><a href="https://taennlegeister.de/crm/wp-content/uploads/2026/01/Umzugsaufstellung-Deisslingen.pdf" class="pdfemb-viewer" style="height:500px;" data-width="max" data-height="500" data-toolbar="top" data-toolbar-fixed="on">Umzugsaufstellung Deisslingen</a></strong></p>
<p>&nbsp;</p>

<p>Eigene An- und Rückfahrt Umzugsaufstellung ist um 13.30 Uhr in der Seestraße und Kernerstraße. Umzugsbeginn ist um 14.00 Uhr. Startnummer: 21 In der Turn- und Festhalle auf der Bühne findet [&hellip;]</p>
