{"id":8097,"date":"2024-12-06T10:32:11","date_gmt":"2024-12-06T09:32:11","guid":{"rendered":"https:\/\/taennlegeister.de\/crm\/?post_type=tribe_events&#038;p=8097"},"modified":"2026-01-22T14:44:25","modified_gmt":"2026-01-22T13:44:25","slug":"tuttlingen","status":"publish","type":"tribe_events","link":"https:\/\/taennlegeister.de\/crm\/event\/tuttlingen\/","title":{"rendered":"Umzug Tuttlingen"},"content":{"rendered":"<p>Unser Bus f\u00e4hrt 2x<\/p>\n<p>Aufstellung ab 13:15 Uhr<br \/>\nBeginn: 14:00 Uhr<br \/>\nStartnummer: 51 (Aufstellung in der K\u00f6nigstra\u00dfe)<\/p>\n<p>Auflage der Stadt Tuttlingen: KEIN Auswerfen von Stroh, S\u00e4gemehl, Federn und KONFETTI<\/p>\n<p>Aufstellungsgebiet:<br \/>\n<a href=\"https:\/\/taennlegeister.de\/crm\/wp-content\/uploads\/2024\/12\/Aufstellungsgebiet.pdf\" class=\"pdfemb-viewer\" style=\"height:500px;\" data-width=\"max\" data-height=\"500\" data-toolbar=\"top\" data-toolbar-fixed=\"on\">Aufstellungsgebiet<\/a><\/p>\n<p>Umzugsstrecke:<br \/>\n<a href=\"https:\/\/taennlegeister.de\/crm\/wp-content\/uploads\/2024\/12\/Umzugsstrecke.pdf\" class=\"pdfemb-viewer\" style=\"height:500px;\" data-width=\"max\" data-height=\"500\" data-toolbar=\"top\" data-toolbar-fixed=\"on\">Umzugsstrecke<\/a><\/p>\n","protected":false},"excerpt":{"rendered":"<p>Unser Bus f\u00e4hrt 2x Aufstellung ab 13:15 Uhr Beginn: 14:00 Uhr Startnummer: 51 (Aufstellung in der K\u00f6nigstra\u00dfe) Auflage der Stadt Tuttlingen: KEIN Auswerfen von Stroh, S\u00e4gemehl, Federn und KONFETTI Aufstellungsgebiet: [&hellip;]<\/p>\n","protected":false},"author":1,"featured_media":0,"template":"","meta":{"_tribe_events_status":"","_tribe_events_status_reason":"","footnotes":""},"tags":[],"tribe_events_cat":[77],"class_list":["post-8097","tribe_events","type-tribe_events","status-publish","hentry","tribe_events_cat-umzug","cat_umzug"],"jetpack_sharing_enabled":true,"_links":{"self":[{"href":"https:\/\/taennlegeister.de\/crm\/wp-json\/wp\/v2\/tribe_events\/8097","targetHints":{"allow":["GET"]}}],"collection":[{"href":"https:\/\/taennlegeister.de\/crm\/wp-json\/wp\/v2\/tribe_events"}],"about":[{"href":"https:\/\/taennlegeister.de\/crm\/wp-json\/wp\/v2\/types\/tribe_events"}],"author":[{"embeddable":true,"href":"https:\/\/taennlegeister.de\/crm\/wp-json\/wp\/v2\/users\/1"}],"version-history":[{"count":5,"href":"https:\/\/taennlegeister.de\/crm\/wp-json\/wp\/v2\/tribe_events\/8097\/revisions"}],"predecessor-version":[{"id":10569,"href":"https:\/\/taennlegeister.de\/crm\/wp-json\/wp\/v2\/tribe_events\/8097\/revisions\/10569"}],"wp:attachment":[{"href":"https:\/\/taennlegeister.de\/crm\/wp-json\/wp\/v2\/media?parent=8097"}],"wp:term":[{"taxonomy":"post_tag","embeddable":true,"href":"https:\/\/taennlegeister.de\/crm\/wp-json\/wp\/v2\/tags?post=8097"},{"taxonomy":"tribe_events_cat","embeddable":true,"href":"https:\/\/taennlegeister.de\/crm\/wp-json\/wp\/v2\/tribe_events_cat?post=8097"}],"curies":[{"name":"wp","href":"https:\/\/api.w.org\/{rel}","templated":true}]}}

<p>Unser Bus fährt 2x</p>
<p>Aufstellung ab 13:15 Uhr<br />
Beginn: 14:00 Uhr<br />
Startnummer: 51 (Aufstellung in der Königstraße)</p>
<p>Auflage der Stadt Tuttlingen: KEIN Auswerfen von Stroh, Sägemehl, Federn und KONFETTI</p>
<p>Aufstellungsgebiet:<br />
<a href="https://taennlegeister.de/crm/wp-content/uploads/2024/12/Aufstellungsgebiet.pdf" class="pdfemb-viewer" style="height:500px;" data-width="max" data-height="500" data-toolbar="top" data-toolbar-fixed="on">Aufstellungsgebiet</a></p>
<p>Umzugsstrecke:<br />
<a href="https://taennlegeister.de/crm/wp-content/uploads/2024/12/Umzugsstrecke.pdf" class="pdfemb-viewer" style="height:500px;" data-width="max" data-height="500" data-toolbar="top" data-toolbar-fixed="on">Umzugsstrecke</a></p>

<p>Unser Bus fährt 2x Aufstellung ab 13:15 Uhr Beginn: 14:00 Uhr Startnummer: 51 (Aufstellung in der Königstraße) Auflage der Stadt Tuttlingen: KEIN Auswerfen von Stroh, Sägemehl, Federn und KONFETTI Aufstellungsgebiet: [&hellip;]</p>
