{"id":8099,"date":"2024-12-06T10:33:33","date_gmt":"2024-12-06T09:33:33","guid":{"rendered":"https:\/\/taennlegeister.de\/crm\/?post_type=tribe_events&#038;p=8099"},"modified":"2026-02-10T17:13:32","modified_gmt":"2026-02-10T16:13:32","slug":"schwenningen","status":"publish","type":"tribe_events","link":"https:\/\/taennlegeister.de\/crm\/event\/schwenningen\/","title":{"rendered":"Umzug Schwenningen"},"content":{"rendered":"<p>Unser Bus f\u00e4hrt 2x<br \/>\nAufstellung: 13:30 Uhr<br \/>\nBeginn: 14:00 Uhr<br \/>\nStartnummer: 35<br \/>\nZunftmeisterempfang: 11:00 Uhr<\/p>\n<p>Neuerungen 2026: Umzugsaufstellung und Aufl\u00f6sung wurde ge\u00e4ndert. Umzug ist k\u00fcrzer und endet nun in der Innenstadt<br \/>\nAuswerfen von Konfetti auf ein Minimum beschr\u00e4nken<\/p>\n<p>Umzugsplan:<br \/>\n<a href=\"https:\/\/taennlegeister.de\/crm\/wp-content\/uploads\/2024\/12\/Umzugsplan.pdf\" class=\"pdfemb-viewer\" style=\"height:500px;\" data-width=\"max\" data-height=\"500\" data-toolbar=\"top\" data-toolbar-fixed=\"on\">Umzugsplan<\/a><\/p>\n<p>Umzugsreihenfolge:<br \/>\n<a href=\"https:\/\/taennlegeister.de\/crm\/wp-content\/uploads\/2026\/02\/Umzug2026.pdf\" class=\"pdfemb-viewer\" style=\"height:500px;\" data-width=\"max\" data-height=\"500\" data-toolbar=\"top\" data-toolbar-fixed=\"on\">Umzug2026<\/a><\/p>\n","protected":false},"excerpt":{"rendered":"<p>Unser Bus f\u00e4hrt 2x Aufstellung: 13:30 Uhr Beginn: 14:00 Uhr Startnummer: 35 Zunftmeisterempfang: 11:00 Uhr Neuerungen 2026: Umzugsaufstellung und Aufl\u00f6sung wurde ge\u00e4ndert. Umzug ist k\u00fcrzer und endet nun in der [&hellip;]<\/p>\n","protected":false},"author":1,"featured_media":0,"template":"","meta":{"_tribe_events_status":"","_tribe_events_status_reason":"","footnotes":""},"tags":[],"tribe_events_cat":[77],"class_list":["post-8099","tribe_events","type-tribe_events","status-publish","hentry","tribe_events_cat-umzug","cat_umzug"],"jetpack_sharing_enabled":true,"_links":{"self":[{"href":"https:\/\/taennlegeister.de\/crm\/wp-json\/wp\/v2\/tribe_events\/8099","targetHints":{"allow":["GET"]}}],"collection":[{"href":"https:\/\/taennlegeister.de\/crm\/wp-json\/wp\/v2\/tribe_events"}],"about":[{"href":"https:\/\/taennlegeister.de\/crm\/wp-json\/wp\/v2\/types\/tribe_events"}],"author":[{"embeddable":true,"href":"https:\/\/taennlegeister.de\/crm\/wp-json\/wp\/v2\/users\/1"}],"version-history":[{"count":6,"href":"https:\/\/taennlegeister.de\/crm\/wp-json\/wp\/v2\/tribe_events\/8099\/revisions"}],"predecessor-version":[{"id":10636,"href":"https:\/\/taennlegeister.de\/crm\/wp-json\/wp\/v2\/tribe_events\/8099\/revisions\/10636"}],"wp:attachment":[{"href":"https:\/\/taennlegeister.de\/crm\/wp-json\/wp\/v2\/media?parent=8099"}],"wp:term":[{"taxonomy":"post_tag","embeddable":true,"href":"https:\/\/taennlegeister.de\/crm\/wp-json\/wp\/v2\/tags?post=8099"},{"taxonomy":"tribe_events_cat","embeddable":true,"href":"https:\/\/taennlegeister.de\/crm\/wp-json\/wp\/v2\/tribe_events_cat?post=8099"}],"curies":[{"name":"wp","href":"https:\/\/api.w.org\/{rel}","templated":true}]}}

<p>Unser Bus fährt 2x<br />
Aufstellung: 13:30 Uhr<br />
Beginn: 14:00 Uhr<br />
Startnummer: 35<br />
Zunftmeisterempfang: 11:00 Uhr</p>
<p>Neuerungen 2026: Umzugsaufstellung und Auflösung wurde geändert. Umzug ist kürzer und endet nun in der Innenstadt<br />
Auswerfen von Konfetti auf ein Minimum beschränken</p>
<p>Umzugsplan:<br />
<a href="https://taennlegeister.de/crm/wp-content/uploads/2024/12/Umzugsplan.pdf" class="pdfemb-viewer" style="height:500px;" data-width="max" data-height="500" data-toolbar="top" data-toolbar-fixed="on">Umzugsplan</a></p>
<p>Umzugsreihenfolge:<br />
<a href="https://taennlegeister.de/crm/wp-content/uploads/2026/02/Umzug2026.pdf" class="pdfemb-viewer" style="height:500px;" data-width="max" data-height="500" data-toolbar="top" data-toolbar-fixed="on">Umzug2026</a></p>

<p>Unser Bus fährt 2x Aufstellung: 13:30 Uhr Beginn: 14:00 Uhr Startnummer: 35 Zunftmeisterempfang: 11:00 Uhr Neuerungen 2026: Umzugsaufstellung und Auflösung wurde geändert. Umzug ist kürzer und endet nun in der [&hellip;]</p>
